0 and u?
10
Suppose 0 = 3*j + 190*j - 26055. Let x be (0 + 0 - 2) + 77. Calculate the greatest common factor of x and j.
15
Let h(r) = -r**2 - 10*r + 24. Let z be h(4). Let m be (24/(-10))/(z/320). What is the highest common divisor of m and 48?
24
Let d(a) = -5*a + 84. Let m(c) = c**3 + 3*c**2 + 2*c - 3. Let v be m(-3). Let w be d(v). What is the highest common divisor of 43 and w?
43
Let t(r) = r**3 + 3*r**2 - 8*r - 3. Let w be t(4). Suppose -485 = -4*n - w. What is the highest common divisor of n and 102?
102
Let p be (8/(32/20))/((-2)/(-6)). Suppose 3*b + 33*n - 255 = 30*n, 0 = -5*b + 5*n + 385. Calculate the greatest common factor of b and p.
3
Let n(v) = 34*v**2 - 5*v - 15. Let a be n(-2). Suppose -126*g = -a*g + 95. Calculate the greatest common divisor of 209 and g.
19
Suppose 4*l = -5*n + 13, 193 = 4*l + 4*n + 177. Calculate the greatest common factor of 29 and l.
1
Let f(b) = 3*b**2 + 118*b + 1742. Let w be f(-45). What is the greatest common divisor of 763 and w?
109
Let b be 98/2 + 9 - 0. What is the greatest common divisor of 28362 and b?
58
Let w = 1 + 26. Let c = 213 + -372. Let m = c + 267. What is the highest common divisor of m and w?
27
Let v = 113 - 36. Let c = v + -73. Suppose j + c*j - 900 = 0. What is the greatest common factor of 30 and j?
30
Let h(z) = 9*z - 8. Let m(w) = -9*w + 7. Let v(i) = -4*h(i) - 3*m(i). Let x be v(6). Let g = x - -59. Calculate the greatest common divisor of 48 and g.
16
Suppose 3*u = -3*o + 24, 36 = 4*o + 2*u + u. Suppose -25 = -5*m, -p - 3*m = -2*p + o. Let n = p - -3. Calculate the greatest common divisor of n and 120.
30
Suppose 0 = -4*b - 14 + 6. Let f be b - -2 - (-21 + 20). Calculate the highest common divisor of f and 8.
1
Let d(h) = 511*h - 179. Let n be d(5). What is the greatest common factor of 176 and n?
88
Suppose -862 = 5*d - 1202. Calculate the greatest common factor of d and 85.
17
Suppose 5*c + 94 = 3*l - 5*l, -5*l + 4*c - 202 = 0. Let a = -40 - l. Let q be 81/1 + ((-4)/a - -2). Calculate the greatest common divisor of 54 and q.
27
Suppose 96*g = 349997 - 61133. What is the greatest common divisor of g and 408?
51
Let m = 234 + -220. Let y = 1950 - 1948. What is the greatest common factor of y and m?
2
Let o(t) = 2*t**2 - 34*t + 32. Let a be o(16). Let d be 17 + a*7/35. Calculate the highest common factor of 323 and d.
17
Let w(l) be the first derivative of -l**3/3 - 7*l**2/2 + 15*l - 34. Let o be w(-7). Calculate the highest common factor of o and 10.
5
Let n(l) = l + 12. Let f be n(8). Suppose -3*g = 8*y - 10*y + 14, y + 5*g - f = 0. Let b be (1/1)/(1/50). Calculate the highest common factor of b and y.
10
Suppose -2 + 7 = -2*a + 5*f, -5*f - 5 = -4*a. Suppose -9 = 3*w, -a*d = -d + 3*w - 75. Suppose 6 + 0 = 2*u. What is the highest common divisor of d and u?
3
Let w(f) = 9*f + 37. Let y be w(12). Suppose -5*l = -0*l - y. Let h = l - -70. What is the highest common divisor of h and 11?
11
Let q = 14 - 14. Suppose -9*d + 7*d + 56 = q. Suppose 2*y - d = -i, 5*y = i - 2*i + 34. Calculate the highest common factor of 48 and i.
24
Let i be 3/(-3) - -60*(0 - -1). Suppose 373 = 4*d - i. Suppose 3*q = -t + 2*q + 16, 44 = 3*t + 2*q. Calculate the greatest common factor of d and t.
12
Suppose 5*f - 303 = -3*n, 6*f + 86 = 4*n + 442. What is the highest common divisor of 9320 and f?
20
Let v be (-4)/((-4)/13)*5. Suppose 14*z = 19*z - v. What is the highest common factor of 533 and z?
13
Suppose -110894 = j - 5*j - 2*d, -3*j + 83146 = -2*d. Calculate the greatest common divisor of j and 70.
70
Let h be (-9)/(-6)*(-25888)/(-12). Let l be 10/55 - h/11. Let o = -154 - l. What is the greatest common divisor of 28 and o?
28
Let i be 4/(-10) + (-337218)/155. Let t be ((-5)/1)/(64/i). Let s be 102*(8/12 - 0). What is the greatest common factor of s and t?
34
Let m = -19 + 30. Let o = 119 + -116. Let n(s) = 2*s + 5. Let v be n(o). What is the greatest common divisor of v and m?
11
Let q = 5221 - 4830. Calculate the highest common divisor of q and 207.
23
Let v(q) be the second derivative of 5*q**4/12 - 18*q**3 - 15*q**2/2 + 62*q - 2. Let t be v(22). What is the greatest common factor of 551 and t?
29
Let a be 4 + (-9 - -6) - (5 + 1). Let p be 11 + -4 - (0 - a). Suppose 6 + 12 = p*r. What is the greatest common factor of 6 and r?
3
Suppose -10*h + h + 1242 = 0. Suppose -4209 + 330 = -12*a + 3*y, -4*a + 1263 = 5*y. What is the highest common factor of a and h?
46
Suppose -2*u + 4*u = 10. Let t(f) = 0*f + 4 - 3*f + u*f. Let i be t(12). Calculate the highest common divisor of i and 42.
14
Let p = 12 + 81. Let o be 1434/36 + (-10)/12 + -6. Suppose 3*x - p = -o. Calculate the highest common factor of x and 220.
20
Suppose 2*c - 38 = -5*n, -1 = -3*n + 2*c + 9. Let r be ((-2)/(-3))/(4/n). Suppose -88*t + 95*t - 35 = 0. Calculate the highest common divisor of t and r.
1
Suppose -15 = 13*p - 28. Let l be (69 + 0/5)/p. Calculate the greatest common factor of l and 230.
23
Let l = -5922 - -6018. What is the greatest common factor of 7872 and l?
96
Let n be 2*(-6)/(-21)*7/2. Suppose 2*w = -s, -n*w + 7*s = 2*s - 24. What is the highest common divisor of w and 14?
2
Let w = -306 + 310. Suppose -w*u - 606 + 2334 = 0. Calculate the greatest common factor of 96 and u.
48
Suppose 24*a - 20*a = -4*y + 164, 3*y = a + 123. Calculate the greatest common divisor of y and 11972.
41
Let q be 2/14 + (-3685)/(-77). Suppose 0 = -n + q - 41. Suppose 3*t = 4*k - 70, 2*t - n*t + 22 = 2*k. Calculate the greatest common factor of k and 128.
16
Let r be 132/462 + (-1 - (-25152)/21). What is the greatest common divisor of 36 and r?
9
Let y(o) = o**2 - 19*o - 21. Let i be y(22). Let a = i + -42. Suppose -u + 3*u - 3*b = 177, -2*b = a*u - 272. Calculate the highest common factor of 36 and u.
18
Suppose i = -2*t + 18, 164*i = 168*i - 8. Calculate the highest common factor of t and 88.
8
Suppose -832 = 14*c - 2666. Calculate the highest common factor of 5895 and c.
131
Suppose -5*i + 0*n = -3*n - 4736, -4*i = -3*n - 3784. Calculate the highest common factor of 1456 and i.
56
Let n(u) be the second derivative of 3*u + 0 - 4/3*u**3 - 25*u**2. Let a be n(-22). Calculate the highest common divisor of a and 14.
14
Let n be ((-534)/8)/((-30)/35 + 1025/1400). What is the greatest common divisor of n and 6?
6
Let q = -590 + 644. Let f = 10 + -4. What is the greatest common factor of q and f?
6
Let c be (2 - 85/(-2))/(11/286). Calculate the greatest common factor of c and 356.
89
Let v = 1003 + -957. Suppose 3*h - 53 = 133. Suppose -2*w + h = -168. Calculate the highest common divisor of w and v.
23
Suppose -w = -j + 49 + 64, -5*j + w + 561 = 0. What is the highest common factor of j and 364?
28
Let z be ((-4521)/231 + 15)*-14. Let h(k) = 7*k**2 + k + 4. Let o be h(-3). What is the highest common factor of z and o?
64
Suppose -q - 122018 = -122019, 3*g = -5*q + 38. Suppose -u + 0*u + 1793 = 0. Calculate the greatest common factor of u and g.
11
Suppose -3*s + 69 = 4*z - 66, 9 = -3*s. What is the highest common divisor of 516 and z?
12
Suppose 141*y - 122414 - 22348 = 66597. Calculate the greatest common factor of 4 and y.
1
Let l be (-12 - 81/(-6))*60. What is the greatest common divisor of 100 and l?
10
Let d = -4450 + 4640. What is the greatest common factor of 950 and d?
190
Let u(d) = -d**2 - 13*d + 7. Let j be u(-13). Let v be -1 + (-2)/j - (-8)/28. Let i be 4 - 4/4 - v - -8. Calculate the highest common factor of i and 84.
12
Let m = 318 + -354. Let h be (-11)/(33/m) + (-3)/1. What is the highest common factor of 36 and h?
9
Let a = -193 + 70. Let m = a + 220. Let s = m + -25. Calculate the greatest common divisor of s and 36.
36
Let p(d) = -d + 4. Let s be p(-4). Suppose -z = 34 + s. Let l be (-1)/((4/z)/((-6)/(-9))). What is the greatest common divisor of 56 and l?
7
Let o = 891 - -101. What is the greatest common factor of o and 341?
31
Let a(l) = -2*l**2 + 16*l - 21. Let w be a(2). Suppose 128 = 2*s + 2*t, -317 = -5*s - 5*t + w*t. Calculate the greatest common factor of s and 315.
63
Let f = 18210 + -17930. What is the highest common factor of f and 616?
56
Let s(g) = 6*g**3 + 19*g**2 + 39*g - 2. Let j be s(13). What is the highest common factor of j and 7?
7
Let u(s) = -s + 6. Let q = -32 - -60. Let h = q - 28. Let x be u(h). What